)). Calculate the greatest common divisor of y and a.
11
Let f(t) = 24*t - 8. Let h be f(4). Suppose -2*q + h = -z, -11 = -5*q - 36. Let y be (-4)/14 + (-2772)/z. What is the greatest common divisor of y and 140?
28
Let l = -36213 - -72145. Calculate the greatest common divisor of 52 and l.
52
Suppose -1359*t + 1333*t = -35464. Calculate the highest common divisor of t and 308.
44
Let r(q) = 5*q - 4. Let b be r(-2). Let s be 4/b - ((-310)/7 - -5). Suppose 2*x + 38 = k + 5*x, 20 = 5*x. What is the greatest common factor of k and s?
13
Let r be (2/24)/((-18)/72) - 424/(-12). Calculate the highest common divisor of r and 13510.
35
Suppose -12*u - 4*j + 348 = 0, 2*j - 5*j = -3*u + 99. What is the greatest common factor of 84 and u?
6
Suppose 0 = 263*y - 273*y + 13750. What is the highest common factor of 22 and y?
11
Suppose -4194 + 1476 = -6*n. Let s be 14/56 - 3*n/(-4). What is the highest common divisor of 5 and s?
5
Let t be (-11407)/(-61) - 7/((-2 - 0)/(-2)). Calculate the greatest common factor of t and 1935.
45
Let n be 19 + 518/(-14) + 252. What is the highest common divisor of n and 2054?
26
Let a be 21/(-91) + 112446/39. What is the highest common factor of 93 and a?
93
Suppose -4*n = 2*i - 70, -4*i + 7 - 17 = -2*n. Let h be 7/(21/12) + 36. What is the greatest common divisor of n and h?
5
Let g(b) = -2*b**3 - 63*b**2 - 31*b + 4. Let u be g(-31). Calculate the highest common factor of 412 and u.
4
Let i(h) = 6*h + 141. Let v be i(-18). Suppose 5*b + 165 = 5*n, -b + v - 6 = n. Calculate the greatest common factor of 510 and n.
30
Suppose -1196 = -56*p + 53*p - 2*g, 2*p = 2*g + 814. What is the greatest common factor of p and 11926?
134
Let u(z) = z**3 + 13*z**2 + 94*z + 2081. Let f be u(-15). Calculate the highest common factor of f and 325.
13
Suppose -3*j = 2*z + 2*j - 16, -z = 4*j - 11. Let h be 24/z + (38 - -2). Calculate the greatest common factor of h and 768.
48
Let i(m) = 2*m**2 - 70*m - 11. Let x be i(-4). What is the highest common factor of x and 63?
7
Suppose 1312*x - 1028*x - 84120 = 51348. What is the highest common factor of x and 99?
9
Let y(a) = -8*a - 1. Let x be y(1). Let p be x/12 - 123/(-4). Suppose 16*q - 140 = 9*q. Calculate the highest common divisor of p and q.
10
Let g(q) = 121*q**2 - 43*q - 90. Let a be g(-2). Calculate the greatest common factor of a and 840.
120
Let h(x) = -14*x - 11. Let b be h(-2). Suppose 5*q - b = -2*d, 4*q - 2*d - 7 = 3*d. Calculate the highest common factor of 1 and q.
1
Let h be (-242 + 232)*(-270 + 0). Calculate the greatest common divisor of 12 and h.
12
Let i(u) = 4*u**2 - 1. Let f be i(-1). Suppose 15 = 63*y - 48. Calculate the greatest common divisor of y and f.
1
Suppose -5*z - 37 - 139 = -10986. Calculate the greatest common factor of 161 and z.
23
Suppose -97 = -6*n - 37. Let h = -29 + 26. Let j be 12/9*h + 194. What is the greatest common factor of n and j?
10
Let t(g) = -5*g**2 - 21*g + 3. Let p be t(-7). Let v = p + 85. Let w be 14/(-10)*v/(-6)*-9. Calculate the greatest common factor of w and 21.
21
Suppose 0 = 27*f - 25*f - 2. Let p be (5/2*-2)/(f/(-3)). Calculate the highest common factor of 3 and p.
3
Let s = 3559 + -2950. What is the greatest common divisor of s and 261?
87
Let g = 2034 - -186. What is the highest common factor of g and 120?
60
Let x(y) = -y**3 - 29*y**2 - 29*y - 16. Suppose -11*v - 191 = 117. Let c be x(v). Calculate the greatest common factor of 624 and c.
12
Suppose -3*f = 25*f - 112. Suppose -3*s + 242 = -2*q, f*s + 4*q = -s + 440. What is the greatest common divisor of s and 210?
42
Suppose 8*p + 2*s - 406 = 3*p, 3*p - 237 = s. Suppose -w + 400 = w. What is the greatest common divisor of w and p?
40
Let s be 1/((-5)/(-815)) - (1 + 5 + -3). What is the greatest common factor of s and 15?
5
Let d(l) = -179*l - 301. Let w be d(-4). Calculate the greatest common factor of w and 1162.
83
Let w(b) = 139*b**3 + b**2 - 185*b + 709. Let o be w(4). What is the greatest common factor of 332 and o?
83
Suppose 5*x - x - 19 = -3*j, -12 = 4*j. Let k be 16 - ((x - -1 - 4) + 0). Calculate the highest common factor of k and 108.
12
Let p = -6819 - -6832. What is the greatest common divisor of p and 3679?
13
Let t = -213 - -216. Suppose 14*g = -t*g + 374. What is the greatest common factor of g and 110?
22
Suppose 0 = -3*i + 3, q + i = 130 - 65. What is the greatest common factor of 3168 and q?
32
Let q = -560 + 1852. Calculate the highest common factor of 340 and q.
68
Let v(f) = 3*f - f + 3*f + 47 - 4*f. Let p be v(22). What is the highest common factor of 6 and p?
3
Let p(v) = 251*v - 97. Let f be p(2). Suppose -10*r + 1765 = f. Calculate the greatest common divisor of 170 and r.
34
Let y be (-9)/((-18)/1172) + (12/4 - 6). What is the highest common divisor of y and 33?
11
Suppose 0 = -2*l + 4*l - 1284. Let u = l + 9. Calculate the highest common divisor of 21 and u.
21
Let o be ((-68)/10)/((-2)/10). Let g(p) = -5*p - 24. Let h be g(-6). Suppose 72 = h*i - 30. Calculate the greatest common divisor of i and o.
17
Suppose 3*h = -3*q + 42, 0*h + 26 = 4*q - 2*h. Let t be q/(-12)*-2*58. Let o = t + -54. Calculate the greatest common divisor of o and 22.
11
Let q = -1526 - -610. Let f = q - -949. What is the greatest common divisor of f and 891?
33
Let w = 8690 - 1210. Calculate the greatest common divisor of 8 and w.
8
Let i(q) be the third derivative of 37*q**4/12 - 2*q**3/3 - 30*q**2. Let n be i(3). Let l = -99 + n. What is the highest common divisor of 17 and l?
17
Let p = -1906 + 1972. What is the greatest common factor of p and 33?
33
Let s(b) = 50*b**2 - 2*b - 1. Suppose -2*c = -c + 1. Let w be s(c). Let j be -10 + 9 - (2 - (-4 - (-48)/2)). What is the highest common factor of j and w?
17
Let l = -7499 - -7507. Let r be -21*3/(-3) + -1. Let u = r + -8. What is the greatest common factor of l and u?
4
Let r(k) = -k + 19. Let d be r(-16). Suppose 0 = -3*i, 5*q - 6*q + 5*i + 78 = 0. Let l = 92 - q. Calculate the highest common divisor of d and l.
7
Let l(z) = 61*z - 925. Let q be l(17). What is the greatest common factor of q and 608?
16
Let t be ((-2 + -3278)/2)/(-1 - 0). Suppose -7*i + t = -313. What is the highest common divisor of i and 9?
9
Let u(l) = 10*l**2 - 28*l - 4. Let r be u(-8). Calculate the highest common divisor of r and 5332.
172
Let f = 43 + 9. Let w = -5211 + 5215. What is the greatest common divisor of f and w?
4
Let r(q) = -23*q + 2. Let d be r(-10). Let s be ((10/3)/(4/6))/((-180)/(-1044)). What is the greatest common divisor of s and d?
29
Let u(c) = c**2 - 21*c - 216. Let m be u(29). Suppose 428 = 3*x + 4*j, 2*j - 430 = -3*x - 0*j. What is the highest common divisor of x and m?
16
Let b be (0 + 10)/((-5)/(-2)). Let x(h) = -3*h + 16. Let k be x(b). What is the highest common factor of k and 2?
2
Suppose 138 = -8*g + 394. Let f be -59*2/(-8) + 8/g. Suppose 0*b - 5*b + 75 = 0. What is the highest common divisor of f and b?
15
Let b(j) = 14*j**3 - 33*j**2 - 10*j - 31. Let m be b(9). Calculate the highest common factor of m and 68.
68
Let j = -11 - -15. Suppose j*u - 5*q = 5, u - q = -4*u + 1. Let g be 20 + -4 + u + 2. What is the highest common divisor of g and 2?
2
Suppose 2*v - t = 4*t + 72, v - 5*t - 36 = 0. Let y be -6 + 106 - (-3 + 5 + 2). Suppose -40*j - y = -44*j. Calculate the greatest common factor of j and v.
12
Suppose 74 = 2*l + y + 2*y, 3*l - 106 = -2*y. What is the greatest common factor of 6698 and l?
34
Let j(y) = -4*y**3 - 11*y**2 - 91*y - 612. Let f be j(-7). Calculate the highest common factor of f and 182.
26
Suppose 2*b = 7*b + 5, -4*b = -5*f + 14. Suppose q + 0*q + 9 = f*h, h - 4 = q. Suppose -7 = -h*d + 28. What is the greatest common divisor of d and 28?
7
Let c = -13001 - -13070. Suppose -6*s + 115 = -s. Calculate the highest common divisor of c and s.
23
Suppose -w - 22 = h + 4, -3*w + h = 94. Let u = -28 - w. Suppose 4*x + 40 = -3*q + 95, -3*q - u*x + 47 = 0. Calculate the greatest common divisor of q and 39.
13
Let m be -12*412/(-30)*(0/(-9) + 15). Calculate the highest common divisor of m and 336.
24
Suppose 0 = 3*r - 9, 3*l = -2*r + 20020 + 16922. Calculate the greatest common divisor of 81 and l.
81
Suppose 0 = -2*r + 4*u + 25 + 43, 2*u + 98 = 3*r. Suppose 5*h = -22 + r. Calculate the greatest common factor of h